n l is divided by b + (-2 - 2) + 2/2.
0
Suppose -2*p = -10 + 4, p = -g. Calculate the remainder when 4 is divided by (-2 - -3)/(-1*(g + 2)).
0
Suppose 0 = -16*r + 18*r - 252. Suppose -q - r + 6 = 0. Calculate the remainder when (4/6)/((-4)/q) is divided by 6.
2
Suppose 0 = 3*h - 4*w - 25, -1 = -3*h - 3*w - 4. Let g be (-10)/h*(-9)/6. Suppose 6*o - g*o - 15 = 0. What is the remainder when 42 is divided by o?
12
Let v be 8/(-2) - -1 - -43. Let d be ((-2)/(-5))/(4/v). Let s = d + 7. What is the remainder when s is divided by 3?
2
Suppose 0 = -2*t + 19 - 1. Calculate the remainder when 16 is divided by t.
7
Let d = 445 - 56. Let y = d + -271. Let x = -67 + y. What is the remainder when x is divided by 13?
12
Suppose -3*j = -4*j + 39. Suppose -2*c - 5*y + 16 = -3*y, -4*y + j = 5*c. Suppose -2*v = -113 + 31. What is the remainder when v is divided by c?
6
Let k(v) = 2 + v + 2 + 6 - 3. Suppose 6*n - 44 = 2*n. What is the remainder when k(12) is divided by n?
8
Suppose i - 4*i = 36. Let s be -6*((-32)/i)/(-4). Suppose 28 = 5*a + 3*y, 0*a = 2*a + s*y. What is the remainder when a is divided by 2?
0
Suppose 0 = -20*x + 6*x + 1106. Let n = 89 - x. What is the remainder when n is divided by 2?
0
Let h(v) = -v**3 + 16*v**2 + 5*v - 33. Calculate the remainder when h(16) is divided by 18.
11
Let l = -479 + 726. What is the remainder when l is divided by 31?
30
Suppose 0 = -3*j - 2*o + 73, 4*j - 501 = 5*o - 396. Let u(w) = w**3 + 8*w**2 - 4*w - 6. Calculate the remainder when u(-4) is divided by j.
24
Let n(s) = 294*s - 279. Let b = 23 + 3. What is the remainder when b is divided by n(1)?
11
Suppose 26 + 0 = 4*r - p, 0 = 3*r + 2*p - 25. What is the remainder when r is divided by 3?
1
Let f(b) = -b**2 - 12*b - 16. Suppose 35 + 105 = 5*r. What is the remainder when r is divided by f(-3)?
6
What is the remainder when 188 is divided by (-209)/(-11)*2*1?
36
Suppose -7*o = -3*o - 512. Suppose 300 - o = 4*l. Calculate the remainder when l is divided by 9.
7
Let p(j) = -33*j**3 - j**2 + j + 1. Let i be p(-1). Let d = i - 9. Calculate the remainder when 89 is divided by d.
20
Let z = 10 - -6. Suppose -159 = -3*p - 5*i, 0 = 4*p + 3*i + i - 220. Calculate the remainder when p is divided by z.
10
Let i(o) be the second derivative of o**4/12 + 12*o**2 - o. What is the remainder when i(-12) is divided by 34?
32
Let p(l) = -l**2 - l. Let g(j) = -24*j**2 - 7*j + 1. Let u(z) = -g(z) + 5*p(z). What is the remainder when u(1) is divided by 8?
4
Let n be 120/(-8)*(9/(-5))/(-3). Calculate the remainder when 2/n - ((-1248)/27 - -2) is divided by 14.
2
Suppose -12798 = -67*d - 12*d. What is the remainder when d is divided by 40?
2
Suppose 0 = -297*m + 302*m - 315. Let j = -8 - -21. Calculate the remainder when m is divided by j.
11
Let l(t) = t**3 - 12*t**2 + 14*t - 16. Suppose -11*a + 7*a + 44 = 0. What is the remainder when 30 is divided by l(a)?
13
Let p(h) = -15*h**3 - 2*h**2 - 2*h - 1. Let i = 83 + 21. Let c = -50 + i. Calculate the remainder when c is divided by p(-1).
12
Suppose 4*t + t = -4*c + 2, -3*c = -4*t + 14. Suppose -t*w = 5*w - 196. What is the remainder when 78 is divided by w?
22
Suppose -2*d + 3*d = 5*k - 53, -d - 69 = -k. Let a = d + 159. Calculate the remainder when 18 is divided by 26/117 - a/(-18).
3
Suppose -5*i = 52*b - 55*b - 440, -3*i + 235 = 4*b. Calculate the remainder when i is divided by 16.
5
Let t be -1 + 68*1*1. Suppose 28*j - 310 = 390. Let c = t + j. Calculate the remainder when c is divided by 31.
30
Let j be 4/4*(-6)/2. Let p = j + 7. What is the remainder when 9 is divided by p*(3 - (2 - 0))?
1
Let d(m) = -51*m - 26. Let a be d(-3). Suppose 11*v - 434 = a. Suppose 78 = 3*l - 3*u, -l + u = -4*u - 26. What is the remainder when v is divided by l?
25
What is the remainder when 126 is divided by 45/18*492/30?
3
Let v(a) = 28*a + 2. What is the remainder when v(1) is divided by 26?
4
Let w = 596 + -523. What is the remainder when w is divided by (-4)/(-6)*114/4?
16
Suppose 4*d - 2*d = 12. What is the remainder when 157 is divided by 390/(-91)*(-28)/d?
17
Suppose 3*y = o - 12, y - 58 = -3*o + 18. What is the remainder when 40 is divided by o?
16
Suppose 0 = -5*n + y + 188, -122 = -3*n - 0*n - 4*y. Suppose -11*a - 33 = -14*a. Calculate the remainder when n is divided by a.
5
Suppose -5 - 136 = -3*g. What is the remainder when g is divided by -4*(2 + -22)/5?
15
Let a = -1 + 7. Let m(x) = x**3 - 5*x**2 - 4*x - 8. Let b = -392 + 402. Calculate the remainder when b is divided by m(a).
2
Let y = 478 + -419. Calculate the remainder when y is divided by 14.
3
Let v(m) = -m**2 + 24*m - 115. What is the remainder when 329 is divided by v(8)?
4
Let z = -105 - -190. Suppose 4*g + 5*c = 105, z = -3*g + 7*g + c. Suppose 3 = 4*w + 5*k - 10, -5*k = -3*w + 36. What is the remainder when g is divided by w?
6
Suppose -16*u - 19*u + 840 = 0. Let g(m) = -m**3 + 8*m**2 - 5*m - 1. What is the remainder when u is divided by g(7)?
11
Let v(g) = 2*g**2 - 7*g + 6. Let m be v(6). What is the remainder when 102 is divided by (m/2 - 3)*(-14)/(-6)?
32
Calculate the remainder when 1/(12170/(-2435) + -1 + 6) is divided by 98.
95
Let a = 25 + -13. Let l = -12 + a. Suppose -70 = -5*g + 2*s, 0*s - 4*s = l. What is the remainder when 39 is divided by g?
11
Let b(j) = -j**3 + 13*j**2 - 8*j - 44. Calculate the remainder when b(11) is divided by 30.
20
Let q = 4 - 14. Let z = q + 21. Suppose -3*x + 2*x + z = 0. What is the remainder when 17 is divided by x?
6
Let a = -436 + 455. Calculate the remainder when 226 is divided by a.
17
Let g be 0/(5/((-15)/(-6))). Let i(n) = -10*n + 11*n + 7 + 39. Calculate the remainder when i(g) is divided by 16.
14
What is the remainder when 8 is divided by (74/370)/(2/70)?
1
Suppose 123*k = 126*k - 60. Let b(h) = -h**3 + 9*h**2 - 11*h + 15. What is the remainder when b(6) is divided by k?
17
Calculate the remainder when 144 is divided by 4 - -2 - (-39 - 8).
38
Let x(y) = -y**3 + 7*y**2 + 11*y - 19. Let b be x(8). Let i = 35 - b. Suppose 74 = c + 5*d - 2*d, d = -5*c + 300. What is the remainder when c is divided by i?
29
Suppose 4*m - 28 - 60 = 0. What is the remainder when 114 is divided by m?
4
Suppose -2*r - 44 = -3*r. Let p = 3 - 0. Suppose -p*h = 9, 4*h - h + 54 = 5*v. Calculate the remainder when r is divided by v.
8
Let c(g) = g**3 - 11*g**2 + 17*g - 3. Calculate the remainder when 124 is divided by c(10).
57
Suppose -15*q - 352 = -26*q. Suppose 24 = 3*r - r. What is the remainder when q is divided by r?
8
Let w = 143 - 203. Let z be ((-7)/(-14))/((-2)/w). Suppose -5*s - 5*d + z = -45, 2*d + 72 = 4*s. What is the remainder when 30 is divided by s?
14
Let u(p) = -25*p + 71. Let d(f) = -12*f + 35. Let k(o) = -13*d(o) + 6*u(o). Calculate the remainder when 23 is divided by k(7).
10
Let f be (56/(-6))/(14/252). Let g be (2/6)/((-14)/f). Calculate the remainder when 886/17 + g/(-34) is divided by 18.
16
Let v = 160 + -170. Suppose -44 = s - 0*s. Let x = v - s. What is the remainder when 66 is divided by x?
32
Let h = -18 - -23. Let n be (-12)/(-30) + (-46)/(-10). Suppose -36 = 3*s - n*s. What is the remainder when s is divided by h?
3
Let n(t) = 77*t + 2. Let h(c) = c**3 - 3*c**2 + 3*c - 12. What is the remainder when n(1) is divided by h(4)?
15
Suppose -h - 2 = 42. What is the remainder when 36 is divided by (-872)/h - 8/(-44)?
16
Suppose -5*i + 2 = -18. Let q(n) = -n**2 + 8*n + 4. Let l(j) = 2*j**2 - 25*j + 20. Let p be l(12). What is the remainder when q(p) is divided by i?
0
Suppose 5*a - 307 = 13. Suppose -4*f + 12 = -3*f. Let z = 10 + f. What is the remainder when a is divided by z?
20
Suppose b + 58 = 3*b - 4*j, 0 = 2*b - j - 58. Calculate the remainder when 53 is divided by b.
24
Let o(b) = b**2 - 3*b + 9. Let t(d) = -d**2 - d + 1. Let s(p) = o(p) - 6*t(p). What is the remainder when 36/1*40/30 is divided by s(-2)?
23
Suppose 6*y - 68 = 616. What is the remainder when y is divided by 43?
28
Let h = -36 - -71. Let o(z) = -7*z - 10. Let v(d) = -d**3 + 5*d**2 - 4. Let u be v(5). What is the remainder when h is divided by o(u)?
17
Suppose 8*j - 10 = -c + 10*j, 2*c - 16 = 2*j. Calculate the remainder when 65 is divided by c.
5
What is the remainder when 111 is divided by ((213 + 9)/6)/(-4 - -5)?
0
Let v(l) = l - 10. Let u be v(14). Suppose -u*c + 